*2 + 2*m - 5. What is q(0)?
-5
Let z(w) = 11*w + 72. Give z(-7).
-5
Let c(f) = f**3 - 9*f**2 + 10*f - 8. What is c(8)?
8
Let y(k) = 2*k**2 - 48*k + 186. Determine y(19).
-4
Let k(i) = i - 8. Calculate k(5).
-3
Let n(f) = -f**3 - 2*f**2 + 2*f - 6. Calculate n(3).
-45
Let d(v) = -2*v**2 + 5*v + 1. What is d(4)?
-11
Let r(b) = b**2 - 11*b - 17. Calculate r(13).
9
Let i(b) = -b**2 + 5*b + 42. Calculate i(8).
18
Let u(a) = a**3 + 17*a**2 + 15*a - 19. What is u(-16)?
-3
Let b(j) = -5*j**2 + j. Calculate b(-1).
-6
Let o(t) = t**3 - 8*t**2 - 4. Determine o(8).
-4
Let b(g) = 7*g**2 + 66*g. Give b(-10).
40
Let w(a) = 2*a**3 + a**2 - 4*a + 3. Calculate w(2).
15
Let s(f) = -f**3 - 8*f**2 - 12*f - 1. Determine s(-5).
-16
Let x(b) = -b**3 + 7*b**2 + b + 10. Determine x(7).
17
Let a(i) = -2*i - 10. Determine a(6).
-22
Let v(m) = -m - 49. What is v(9)?
-58
Let l(o) = -o**2 + 21*o - 82. Calculate l(13).
22
Let a(k) = 32*k + 2. What is a(-1)?
-30
Let k(b) = -b - 4. Give k(-7).
3
Let r(g) = 5*g - 6. Determine r(-5).
-31
Let c(i) = i + 1. Determine c(-4).
-3
Let w(q) = -q**2 + 9*q - 5. Calculate w(12).
-41
Let g(r) = r**2 + 9*r - 11. Determine g(5).
59
Let b(t) = -2*t**3 + 3*t**2 - 3*t + 4. Give b(3).
-32
Let u(f) = -3*f**2 + 13*f + 27. Give u(6).
-3
Let y(c) = -7*c**2 - 7*c + 3. What is y(3)?
-81
Let l(r) = -28*r**2 - 4. Calculate l(-2).
-116
Let u(w) = -w**2 + 25*w + 49. Calculate u(-2).
-5
Let m(j) = -7*j**2 - 30*j + 4. Calculate m(-4).
12
Let r(d) = d**2 + 8*d + 2. What is r(-7)?
-5
Let g(y) = 2*y**2 - 5*y + 4. Give g(4).
16
Let m(i) = i - 45. Calculate m(-15).
-60
Let t(q) = -18*q**3 + 24*q + 23. Determine t(-1).
17
Let o(h) = -8*h**2 - 59*h + 38. Give o(-8).
-2
Let g(o) = o**3 + 20*o**2 + 44*o + 141. Determine g(-18).
-3
Let f(o) = 4*o**2 - 3*o + 4. Calculate f(4).
56
Let m(y) = 4*y - 16. What is m(10)?
24
Let v(r) = -21*r - 458. Determine v(-22).
4
Let h(j) = -j**2 - 3*j - 1. What is h(-2)?
1
Let y(k) = -2*k**2 + 60*k + 128. Determine y(32).
0
Let t(f) = -4*f**3 - 3*f**2 - 4*f - 4. Give t(-3).
89
Let h(v) = -v**2 - 30*v - 36. What is h(-29)?
-7
Let j(d) = -d**2 - 3*d + 5. Give j(8).
-83
Let c(s) = -5*s + 1. What is c(15)?
-74
Let h(k) = -8*k + 13. Give h(-6).
61
Let n(b) = -b**2 + b + 4. Give n(-2).
-2
Let n(i) = -2*i + 33. Determine n(17).
-1
Let f(j) = 3*j**2 - 36*j + 108. Give f(7).
3
Let n(t) = t**3 + 5*t**2 - 5*t + 10. Give n(-6).
4
Let v(u) = -u + 5. What is v(-13)?
18
Let y(d) = -d**3 + 11*d**2 + 14*d + 11. Give y(12).
35
Let f(h) = -h**3 - h**2 + 27*h + 12. Determine f(5).
-3
Let x(j) = -j + 13. Determine x(-5).
18
Let g(k) = 5*k + 5. Determine g(-2).
-5
Let v(z) = -z**3 - 8*z**2 - 3*z - 6. Give v(-6).
-60
Let t(i) = i**3 - 7*i**2 - 3*i + 11. Calculate t(5).
-54
Let n(f) = -3*f + 1. Calculate n(24).
-71
Let b(x) = -9*x + 30. Determine b(8).
-42
Let u(j) = j**3 - 17*j**2 - 82*j - 41. Determine u(21).
1
Let c(r) = r**2 - 16*r + 16. Determine c(10).
-44
Let k(v) = 2*v**3 - 4*v**2 + 3*v - 1. Determine k(2).
5
Let f(d) = 2*d**3 + 11*d**2 - 8*d - 14. Determine f(-6).
-2
Let l(v) = -109*v + 13. Determine l(1).
-96
Let o(g) = 2*g**2 - 1. What is o(-2)?
7
Let z(v) = -v**2 + 27*v - 137. Determine z(7).
3
Let g(p) = -p**3 + 2*p**2 + 10*p + 18. Determine g(6).
-66
Let u(y) = -y**3 - 12*y**2 + 14*y - 16. Calculate u(-13).
-29
Let k(m) = -2*m**2 + 17*m + 27. Determine k(10).
-3
Let u(j) = 8*j - 21. Calculate u(3).
3
Let o(l) = l**2 + 5*l - 15. Give o(0).
-15
Let k(m) = m**2 + 2*m. Give k(-3).
3
Let u(b) = b + 62. Calculate u(-63).
-1
Let z(m) = -158*m**3 + m. Calculate z(-1).
157
Let u(r) = 9*r + 3. What is u(6)?
57
Let v(t) = -2*t**2 - 6*t - 10. Give v(-7).
-66
Let b(m) = 55*m**2 - 8*m - 7. Determine b(-1).
56
Let s(r) = r**3 + 14*r**2 + 3*r - 2. Determine s(-14).
-44
Let z(r) = r**3 - 7*r**2 + 10*r - 2. Determine z(7).
68
Let r(j) = 22*j - 2. What is r(0)?
-2
Let t(a) = a**3 + 20*a**2 - 23*a - 30. Give t(-21).
12
Let j(k) = 4*k - 6. Determine j(8).
26
Let n(g) = -2*g**2 + 36*g - 43. Calculate n(17).
-9
Let f(a) = -a**3 - 9*a**2 + 9*a. Calculate f(-10).
10
Let i(h) = h**2 + 5*h - 5. What is i(-7)?
9
Let d(y) = -71*y + 141. Give d(2).
-1
Let c(r) = r**2 + 11*r + 5. Give c(-5).
-25
Let i(w) = -w + 2. What is i(17)?
-15
Let a(v) = v**3 - 12*v**2 - 24*v - 9. Give a(14).
47
Let i(k) = 6*k**2 - k - 2. Give i(-2).
24
Let z(k) = -k**3 + 7*k**2 - 10*k + 6. What is z(6)?
-18
Let m(d) = d**3 + 7*d**2 + 5*d - 4. Give m(-6).
2
Let z(j) = 13*j**2 - 3. Give z(3).
114
Let s(o) = -12*o - 79. Determine s(-7).
5
Let q(b) = 3*b - 29. Calculate q(10).
1
Let j(q) = -10*q - 61. Determine j(-4).
-21
Let b(q) = 7*q - 48. What is b(7)?
1
Let v(t) = t**2 + 9*t + 11. Give v(-5).
-9
Let u(v) = -11*v + 14. Calculate u(6).
-52
Let p(j) = -j**3 + 6*j**2 - 3*j + 4. What is p(4)?
24
Let h(y) = y**3 - 4*y**2 - 16*y + 12. Determine h(7).
47
Let o(m) = m**3 + 12*m**2 - 14*m - 2. What is o(-13)?
11
Let z(j) = -j**2 - 3*j + 65. What is z(8)?
-23
Let i(u) = -8*u + 10. Calculate i(3).
-14
Let a(d) = d**3 - 7*d**2 + d - 1. What is a(3)?
-34
Let j(i) = i**3 - 4*i**2 + 4*i. Calculate j(5).
45
Let k(o) = -3*o + 16. Calculate k(8).
-8
Let s(v) = -2*v**2 - 8*v + 17. Give s(2).
-7
Let h(f) = -f**3 - 6*f**2 + 3*f - 9. Give h(-7).
19
Let k(q) = -17*q. What is k(1)?
-17
Let h(r) = r + 23. Calculate h(-7).
16
Let g(d) = 5*d - 9. What is g(4)?
11
Let f(i) = i**3 + i**2 - 5*i - 3. Calculate f(-3).
-6
Let g(u) = u**3 - 5*u**2 + 6*u - 5. What is g(4)?
3
Let q(h) = 2*h - 1. Determine q(-3).
-7
Let k(g) = 5*g + 64. Calculate k(-11).
9
Let c(m) = m**3 - 2*m**2 - m + 3. Give c(-2).
-11
Let f(g) = g**2 - 6. What is f(-4)?
10
Let j(u) = -u**3 - 12*u**2 - 21*u - 13. Calculate j(-10).
-3
Let p(r) = r**3 - 27*r**2 + 27*r - 32. Give p(26).
-6
Let p(r) = r**3 + 4*r**2 - 7*r + 2. Calculate p(-5).
12
Let q(l) = -3*l - 10. Give q(12).
-46
Let x(u) = u - 19. What is x(4)?
-15
Let f(a) = 15*a**3 + 2*a**2 - 6*a + 5. What is f(1)?
16
Let r(y) = -y**3 - 4*y**2 + y + 7. Calculate r(-3).
-5
Let f(u) = u**3 - 7*u**2 + 7*u. What is f(6)?
6
Let o(j) = -j**3 + 8*j**2 - 16. Calculate o(8).
-16
Let l(v) = 5*v**2 - 3*v + 2. What is l(-3)?
56
Let h(f) = f**2 + 8*f + 9. Determine h(-8).
9
Let k(c) = -13*c + 56. What is k(7)?
-35
Let x(v) = -2*v - 19. Determine x(-3).
-13
Let d(h) = -h**3 - 5*h**2 - 5*h - 2. Determine d(-5).
23
Let d(h) = -h - 1. Calculate d(-7).
6
Let y(s) = -s - 12. Determine y(5).
-17
Let d(y) = 21*y + 186. Give d(-9).
-3
Let u(o) = 2*o**2 + 48*o + 22. Calculate u(-24).
22
Let i(t) = -7*t**2 + 2*t + 7. Determine i(4).
-97
Let d(y) = 71*y + 4. Determine d(-1).
-67
Let t(f) = 2*f**2 + 10*f + 32. Give t(-3).
20
Let s(y) = -2*y + 52. Calculate s(38).
-24
Let q(g) = 41*g + 124. Determine q(-5).
-81
Let g(z) = 5*z + 14. Give g(-5).
-11
Let q(k) = -k**2 - 18*k + 24. Give q(-19).
5
Let s(h) = h**2 + h - 32. Give s(-6).
-2
Let f(w) = -w**3 - 3*w**2 - 2. Give f(-2).
-6
Let y(d) = -d**2 - 15*d - 18. Give y(-14).
-4
Let v(z) = 7*z - 5. What is v(1)?
2
Let c(n) = -n - 3. Calculate c(-5).
2
Let z(r) = r**2 + 11*r + 18. Determine z(-5).
-12
Let i(k) = 3*k**2 + 34*k + 116. What is i(-6)?
20
Let g(m) = m**3 - 2*m**2 - m - 3. Calculate g(3).
3
Let g(v) = 4*v**2 + 3*v + 1. Determine g(-2).
11
Let u(f) = -4*f**3 + 2*f**2 + f - 2. What is u(1)?
-3
Let w(h) = 8*h + 260. Calculate w(-33).
-4
Let d(i) = i**3 - 26*i**2 - 4*i + 68. Determine d(26).
-36
Let z(o) = -o**3 + 21*o**2 - 38*o - 8. What is z(19)?
-8
Let p(h) = 2*h**3 - 21*h**2 - 6*h - 59. What is p(11)?
-4
Let y(g) = 16*g**3 + 2*g**2 - 3*g + 2. Calculate y(1).
17
Let g(b) = -b**2 + 19*b + 11. Give g(20).
-9
Let i(r) = -6*r**2 + 1. What is i(-1)?
-5
Let q(v) = v**2 + 3*v - 3. Calculate q(-10).
67
Let b(t) = t**2 - 7*t - 31. Determine b(-6).
47
Let t(u) = -u**2 - 16*u - 8. Calculate t(-16).
-8
Let w(h) = -h**3 - 17*h**2 + 17*h + 2. Calculate w(-18).
20
Let t(u) = -4*u + 6. Calculate t(2).
-2
Let z(s) = s**3 - 16*s**2 + 18*s - 21. Calculate z(15).
24
Let k(r) = -5*r + 2. What is k(3)?
-13
Let t(v) = v**2 + 6*v - 16. Give t(2).
0
Let y(k) = -2*k**2 - 18*k + 9. Determine y(-10).
-11
Let w(f) = -f**3 + 9*f**2 - 16*f - 4. What is w(7)?
-18
Let y(p) = -2*p**2 + 3*p + 10. Determine y(-5).
-55
Let o(l) = l**3 - 2*l**2 - l + 1. Calculate o(-2).
-13
Let x(t) = -t - 5. Calculate x(-4).
-1
Let k(y) = y